{"id":7116,"date":"2023-01-11T17:09:19","date_gmt":"2023-01-11T16:09:19","guid":{"rendered":"https:\/\/www.globaltechitalia.com\/?page_id=7116"},"modified":"2023-01-11T17:10:19","modified_gmt":"2023-01-11T16:10:19","slug":"mobile","status":"publish","type":"page","link":"https:\/\/www.globaltechitalia.com\/?page_id=7116&lang=en","title":{"rendered":"Mobile"},"content":{"rendered":"\t\t<div data-elementor-type=\"wp-page\" data-elementor-id=\"7116\" class=\"elementor elementor-7116\">\n\t\t\t\t\t\t\t\t\t<section class=\"elementor-section elementor-top-section elementor-element elementor-element-07371e3 ot-traditional elementor-section-boxed elementor-section-height-default elementor-section-height-default\" data-id=\"07371e3\" data-element_type=\"section\">\n\t\t\t\t\t\t<div class=\"elementor-container elementor-column-gap-default\">\n\t\t\t\t\t<div class=\"elementor-column elementor-col-100 elementor-top-column elementor-element elementor-element-9b31d7a ot-flex-column-vertical\" data-id=\"9b31d7a\" data-element_type=\"column\">\n\t\t\t<div class=\"elementor-widget-wrap elementor-element-populated\">\n\t\t\t\t\t\t\t\t<div class=\"elementor-element elementor-element-e51e54f elementor-widget elementor-widget-spacer\" data-id=\"e51e54f\" data-element_type=\"widget\" data-widget_type=\"spacer.default\">\n\t\t\t\t<div class=\"elementor-widget-container\">\n\t\t\t<style>\/*! elementor - v3.11.5 - 14-03-2023 *\/\n.elementor-column .elementor-spacer-inner{height:var(--spacer-size)}.e-con{--container-widget-width:100%}.e-con-inner>.elementor-widget-spacer,.e-con>.elementor-widget-spacer{width:var(--container-widget-width,var(--spacer-size));--align-self:var(--container-widget-align-self,initial);--flex-shrink:0}.e-con-inner>.elementor-widget-spacer>.elementor-widget-container,.e-con-inner>.elementor-widget-spacer>.elementor-widget-container>.elementor-spacer,.e-con>.elementor-widget-spacer>.elementor-widget-container,.e-con>.elementor-widget-spacer>.elementor-widget-container>.elementor-spacer{height:100%}.e-con-inner>.elementor-widget-spacer>.elementor-widget-container>.elementor-spacer>.elementor-spacer-inner,.e-con>.elementor-widget-spacer>.elementor-widget-container>.elementor-spacer>.elementor-spacer-inner{height:var(--container-widget-height,var(--spacer-size))}<\/style>\t\t<div class=\"elementor-spacer\">\n\t\t\t<div class=\"elementor-spacer-inner\"><\/div>\n\t\t<\/div>\n\t\t\t\t<\/div>\n\t\t\t\t<\/div>\n\t\t\t\t<div class=\"elementor-element elementor-element-d36a40c elementor-widget elementor-widget-text-editor\" data-id=\"d36a40c\" data-element_type=\"widget\" data-widget_type=\"text-editor.default\">\n\t\t\t\t<div class=\"elementor-widget-container\">\n\t\t\t<style>\/*! elementor - v3.11.5 - 14-03-2023 *\/\n.elementor-widget-text-editor.elementor-drop-cap-view-stacked .elementor-drop-cap{background-color:#818a91;color:#fff}.elementor-widget-text-editor.elementor-drop-cap-view-framed .elementor-drop-cap{color:#818a91;border:3px solid;background-color:transparent}.elementor-widget-text-editor:not(.elementor-drop-cap-view-default) .elementor-drop-cap{margin-top:8px}.elementor-widget-text-editor:not(.elementor-drop-cap-view-default) .elementor-drop-cap-letter{width:1em;height:1em}.elementor-widget-text-editor .elementor-drop-cap{float:left;text-align:center;line-height:1;font-size:50px}.elementor-widget-text-editor .elementor-drop-cap-letter{display:inline-block}<\/style>\t\t\t\t<p><img loading=\"lazy\" decoding=\"async\" class=\" wp-image-190 alignright\" src=\"http:\/\/www.globaltechitalia.com\/wp-content\/uploads\/2016\/04\/shutterstock_292413305-300x205.jpg\" alt=\"shutterstock_292413305\" width=\"517\" height=\"353\" srcset=\"https:\/\/www.globaltechitalia.com\/wp-content\/uploads\/2016\/04\/shutterstock_292413305-300x205.jpg 300w, https:\/\/www.globaltechitalia.com\/wp-content\/uploads\/2016\/04\/shutterstock_292413305-768x524.jpg 768w, https:\/\/www.globaltechitalia.com\/wp-content\/uploads\/2016\/04\/shutterstock_292413305-720x491.jpg 720w, https:\/\/www.globaltechitalia.com\/wp-content\/uploads\/2016\/04\/shutterstock_292413305.jpg 1000w\" sizes=\"(max-width: 517px) 100vw, 517px\" \/>Forniamo servizi chiavi in mano nel campo delle tecnologie mobile. Il nostro team ha partecipato al porting ed alla realizzazione di decine di app su differenti devices ed \u00e8 in grado di assistere i Clienti nell&#8217;intero ciclo di vita:<\/p><h3 class=\"page_text_block\"><strong class=\"myTitle\">Progettazione<\/strong><\/h3><div class=\"page_text_block\">Progettare e realizzare una app o fare un porting fra piattaforme mobili richiede esperienza, organizzazione ma anche capacit\u00e0 di entrare in sintonia con gli obiettivi del Cliente, il quale punta ad incrementare la presenza e l&#8217;awareness di un brand.<\/div><div class=\"page_text_block\"><div>La fase di progettazione prevede un piano preliminare, uno schema di funzionamento dell\u2019app e la realizzazione di un mockup con schermate di esempio capaci di dare l\u2019idea del prodotto finito, della sua fruibilit\u00e0 e dell&#8217;appeal. Insieme al Cliente vengono quindi definiti il processo, le schermate ed i componenti dell\u2019applicazione.<\/div><div>Un aspetto che non tralasciamo \u00e8 anche la capacit\u00e0 di progettare e disegnare icone accattivanti e identificare il miglior nome della app, che al tempo stesso evochi l\u2019obiettivo aziendale e abbia capacit\u00e0 attrattive.<\/div><div>Durante la fase di sviluppo il nostro team considera il giusto equilibrio fra caratteristiche funzionali e tecniche.<\/div><div>Le fasi di rilascio previste prevedono delle anteprime del lavoro svolto tramite una distribuzione dedicata sui dispositivi del Cliente.<\/div><div>Oltre agli eventuali aggiornamenti dei contenuti, la rapida evoluzione dei dispositivi ed il rilascio continuo di nuove funzionalit\u00e0 nei software di base, le app necessitano di adattamenti e modifiche per garantirne la compatibilit\u00e0 e la fruibilit\u00e0.\u00a0In questo caso, operiamo con piani di manutenzione programmati a garanzia della continuit\u00e0 di esercizio nel tempo.<\/div><\/div><div>\u00a0<\/div><h3><strong class=\"myTitle\">Realizzazione<\/strong><\/h3><div><div class=\"page_text_block\">Navigabilit\u00e0, flusso delle informazioni, user-experience, integrazione con i sistemi informativi; sono tutti aspetti che il nostro team di esperti in tecnologie e design applicativo analizzano prima di procedere alla progettazione e realizzazione di applicazioni per dispositivi mobili.<\/div><div class=\"page_text_block\"><div>L\u2019approccio progettuale e consulenziale e l&#8217;esperienza maturata nel campo dello sviluppo software ci permettono di fare leva sulle competenze acquisite nel supporto ai processi di business, fornendo prodotti e servizi di alta qualit\u00e0 ed affidabilit\u00e0.<\/div><div>Realizziamo app chiavi in mano con front end sulle piattaforme tecnologiche preferite dal Cliente, con le seguenti caratteristiche:<\/div><\/div><\/div><div><div class=\"page_text_block\"><div>\u00a0<\/div><\/div><\/div>\t\t\t\t\t\t<\/div>\n\t\t\t\t<\/div>\n\t\t\t\t<div class=\"elementor-element elementor-element-9baeb7f elementor-icon-list--layout-traditional elementor-list-item-link-full_width elementor-widget elementor-widget-icon-list\" data-id=\"9baeb7f\" data-element_type=\"widget\" data-widget_type=\"icon-list.default\">\n\t\t\t\t<div class=\"elementor-widget-container\">\n\t\t\t<link rel=\"stylesheet\" href=\"https:\/\/www.globaltechitalia.com\/wp-content\/plugins\/elementor\/assets\/css\/widget-icon-list.min.css\">\t\t<ul class=\"elementor-icon-list-items\">\n\t\t\t\t\t\t\t<li class=\"elementor-icon-list-item\">\n\t\t\t\t\t\t\t\t\t\t\t<span class=\"elementor-icon-list-icon\">\n\t\t\t\t\t\t\t<i aria-hidden=\"true\" class=\"far fa-dot-circle\"><\/i>\t\t\t\t\t\t<\/span>\n\t\t\t\t\t\t\t\t\t\t<span class=\"elementor-icon-list-text\">Rapida implementazione e riuso di elementi di esistenti<\/span>\n\t\t\t\t\t\t\t\t\t<\/li>\n\t\t\t\t\t\t\t\t<li class=\"elementor-icon-list-item\">\n\t\t\t\t\t\t\t\t\t\t\t<span class=\"elementor-icon-list-icon\">\n\t\t\t\t\t\t\t<i aria-hidden=\"true\" class=\"far fa-dot-circle\"><\/i>\t\t\t\t\t\t<\/span>\n\t\t\t\t\t\t\t\t\t\t<span class=\"elementor-icon-list-text\">Architettura dati a plug-in per le applicazioni Line-Of-Business<\/span>\n\t\t\t\t\t\t\t\t\t<\/li>\n\t\t\t\t\t\t\t\t<li class=\"elementor-icon-list-item\">\n\t\t\t\t\t\t\t\t\t\t\t<span class=\"elementor-icon-list-icon\">\n\t\t\t\t\t\t\t<i aria-hidden=\"true\" class=\"far fa-dot-circle\"><\/i>\t\t\t\t\t\t<\/span>\n\t\t\t\t\t\t\t\t\t\t<span class=\"elementor-icon-list-text\">Telefoni supportati: iPhone, Android,Windows Phone, BlackBerry<\/span>\n\t\t\t\t\t\t\t\t\t<\/li>\n\t\t\t\t\t\t\t\t<li class=\"elementor-icon-list-item\">\n\t\t\t\t\t\t\t\t\t\t\t<span class=\"elementor-icon-list-icon\">\n\t\t\t\t\t\t\t<i aria-hidden=\"true\" class=\"far fa-dot-circle\"><\/i>\t\t\t\t\t\t<\/span>\n\t\t\t\t\t\t\t\t\t\t<span class=\"elementor-icon-list-text\">Tablet supportati: iPad, Windows Slate, Honeycomb, Cisco Cius e Embedded CE<\/span>\n\t\t\t\t\t\t\t\t\t<\/li>\n\t\t\t\t\t\t\t\t<li class=\"elementor-icon-list-item\">\n\t\t\t\t\t\t\t\t\t\t\t<span class=\"elementor-icon-list-icon\">\n\t\t\t\t\t\t\t<i aria-hidden=\"true\" class=\"far fa-dot-circle\"><\/i>\t\t\t\t\t\t<\/span>\n\t\t\t\t\t\t\t\t\t\t<span class=\"elementor-icon-list-text\">Database supportati: Microsoft SQL, Oracle, SAP BW, DB2,<\/span>\n\t\t\t\t\t\t\t\t\t<\/li>\n\t\t\t\t\t\t\t\t<li class=\"elementor-icon-list-item\">\n\t\t\t\t\t\t\t\t\t\t\t<span class=\"elementor-icon-list-icon\">\n\t\t\t\t\t\t\t<i aria-hidden=\"true\" class=\"far fa-dot-circle\"><\/i>\t\t\t\t\t\t<\/span>\n\t\t\t\t\t\t\t\t\t\t<span class=\"elementor-icon-list-text\">Altre fonti dati: SharePoint, Excel, PowerPivot, XML, Atom, RSS<\/span>\n\t\t\t\t\t\t\t\t\t<\/li>\n\t\t\t\t\t\t<\/ul>\n\t\t\t\t<\/div>\n\t\t\t\t<\/div>\n\t\t\t\t<div class=\"elementor-element elementor-element-45e1868 elementor-widget elementor-widget-text-editor\" data-id=\"45e1868\" data-element_type=\"widget\" data-widget_type=\"text-editor.default\">\n\t\t\t\t<div class=\"elementor-widget-container\">\n\t\t\t\t\t\t\t<div>\u00a0<\/div><h3><strong class=\"myTitle\">Distribuzione<\/strong><\/h3><div>Supportiamo l\u2019installazione delle app direttamente sui dispositivi indicati o le pubblichiamo sui relativi store, secondo le scelte del Cliente.<\/div><div><div class=\"page_text_block\"><div>\u00a0<\/div><h3><strong class=\"myTitle\">Promozione in ambito Social Media<\/strong><\/h3><div>A corredo delle app, realizziamo su richiesta anche minisiti e pagine web di supporto e promozione.<\/div><div>Recensioni, commenti su blog, buzz marketing, prove su strada, contest su siti specializzati, passaparola su Facebook, Twitter o altri Social Media, sono solo alcuni dei servizi che mettiamo a disposizione per il coinvolgimento di un maggior pubblico e la condivisione di esperienze.<\/div><\/div><\/div>\t\t\t\t\t\t<\/div>\n\t\t\t\t<\/div>\n\t\t\t\t<div class=\"elementor-element elementor-element-7ed3c49 elementor-widget elementor-widget-spacer\" data-id=\"7ed3c49\" data-element_type=\"widget\" data-widget_type=\"spacer.default\">\n\t\t\t\t<div class=\"elementor-widget-container\">\n\t\t\t\t\t<div class=\"elementor-spacer\">\n\t\t\t<div class=\"elementor-spacer-inner\"><\/div>\n\t\t<\/div>\n\t\t\t\t<\/div>\n\t\t\t\t<\/div>\n\t\t\t\t<div class=\"elementor-element elementor-element-b66eb47 elementor-widget elementor-widget-html\" data-id=\"b66eb47\" data-element_type=\"widget\" data-widget_type=\"html.default\">\n\t\t\t\t<div class=\"elementor-widget-container\">\n\t\t\t<style>\n.content-box{\n    display: flex;\n}\n\n.content-box img{\n    padding: 25px;\n    margin: auto;\n}\n\n.react .content-box img{\n    width: 242px;\n    margin-top: 36px;\n    margin-bottom: 36px;\n}\n<\/style>\t\t<\/div>\n\t\t\t\t<\/div>\n\t\t\t\t\t<\/div>\n\t\t<\/div>\n\t\t\t\t\t\t\t<\/div>\n\t\t<\/section>\n\t\t\t\t<section class=\"elementor-section elementor-top-section elementor-element elementor-element-1f4ec49 ot-traditional elementor-section-boxed elementor-section-height-default elementor-section-height-default\" data-id=\"1f4ec49\" data-element_type=\"section\">\n\t\t\t\t\t\t<div class=\"elementor-container elementor-column-gap-default\">\n\t\t\t\t\t<div class=\"elementor-column elementor-col-50 elementor-top-column elementor-element elementor-element-4039699 ot-flex-column-vertical\" data-id=\"4039699\" data-element_type=\"column\">\n\t\t\t<div class=\"elementor-widget-wrap elementor-element-populated\">\n\t\t\t\t\t\t\t\t<div class=\"elementor-element elementor-element-69c1986 elementor-widget elementor-widget-isupport_box\" data-id=\"69c1986\" data-element_type=\"widget\" data-widget_type=\"isupport_box.default\">\n\t\t\t\t<div class=\"elementor-widget-container\">\n\t\t\t\r\n\t\t<div class=\"support-box\">\r\n\t\t\t<div class=\"inner-box\">\r\n\t\t\t\t<div class=\"overlay flex-middle\">\r\n\t\t\t\t\t<span class=\"number-box\"><\/span>\r\n\t\t\t\t\t<div class=\"inner\">\r\n\t\t\t\t\t\t<p>We create native applications for iPhone, iPad, Apple Watch, Apple TV, Android with particular attention to user experience, functional design and performance.<\/p>\r\n\t\t\t\t\t\t<a class=\"btn-details\"><\/a>\r\n\t\t\t\t\t<\/div>\r\n\t\t\t\t<\/div>\r\n\t\t\t\t<div class=\"content-box\">\r\n\t\t\t\t\t<span class=\"number-box\"><\/span>\r\n\t\t\t\t\t<h3><\/h3>\r\n\t\t\t\t\t<img decoding=\"async\" src=\"https:\/\/www.globaltechitalia.com\/wp-content\/uploads\/2022\/05\/os-ios-dark_icon-icons.com_50845.png\" alt=\"\">\r\n\t\t\t\t<\/div>\r\n\t\t\t<\/div>\r\n\t    <\/div>\r\n\r\n\t    \t\t<\/div>\n\t\t\t\t<\/div>\n\t\t\t\t<div class=\"elementor-element elementor-element-647dccb react elementor-widget elementor-widget-isupport_box\" data-id=\"647dccb\" data-element_type=\"widget\" data-widget_type=\"isupport_box.default\">\n\t\t\t\t<div class=\"elementor-widget-container\">\n\t\t\t\r\n\t\t<div class=\"support-box\">\r\n\t\t\t<div class=\"inner-box\">\r\n\t\t\t\t<div class=\"overlay flex-middle\">\r\n\t\t\t\t\t<span class=\"number-box\"><\/span>\r\n\t\t\t\t\t<div class=\"inner\">\r\n\t\t\t\t\t\t<p>Our React Native development services have excellent coding standards with a strong focus on UI\/UX.<\/p>\r\n\t\t\t\t\t\t<a class=\"btn-details\"><\/a>\r\n\t\t\t\t\t<\/div>\r\n\t\t\t\t<\/div>\r\n\t\t\t\t<div class=\"content-box\">\r\n\t\t\t\t\t<span class=\"number-box\"><\/span>\r\n\t\t\t\t\t<h3><\/h3>\r\n\t\t\t\t\t<img decoding=\"async\" src=\"https:\/\/www.globaltechitalia.com\/wp-content\/uploads\/2022\/05\/react-native.png\" alt=\"\">\r\n\t\t\t\t<\/div>\r\n\t\t\t<\/div>\r\n\t    <\/div>\r\n\r\n\t    \t\t<\/div>\n\t\t\t\t<\/div>\n\t\t\t\t\t<\/div>\n\t\t<\/div>\n\t\t\t\t<div class=\"elementor-column elementor-col-50 elementor-top-column elementor-element elementor-element-c1f8d1d ot-flex-column-vertical\" data-id=\"c1f8d1d\" data-element_type=\"column\">\n\t\t\t<div class=\"elementor-widget-wrap elementor-element-populated\">\n\t\t\t\t\t\t\t\t<div class=\"elementor-element elementor-element-4e794dc elementor-widget elementor-widget-isupport_box\" data-id=\"4e794dc\" data-element_type=\"widget\" data-widget_type=\"isupport_box.default\">\n\t\t\t\t<div class=\"elementor-widget-container\">\n\t\t\t\r\n\t\t<div class=\"support-box\">\r\n\t\t\t<div class=\"inner-box\">\r\n\t\t\t\t<div class=\"overlay flex-middle\">\r\n\t\t\t\t\t<span class=\"number-box\"><\/span>\r\n\t\t\t\t\t<div class=\"inner\">\r\n\t\t\t\t\t\t<p>Our Android app development services are capable of tackling any level of complexity and implement business logic inside apps with an intuitive UI\/UX design.<\/p>\r\n\t\t\t\t\t\t<a class=\"btn-details\"><\/a>\r\n\t\t\t\t\t<\/div>\r\n\t\t\t\t<\/div>\r\n\t\t\t\t<div class=\"content-box\">\r\n\t\t\t\t\t<span class=\"number-box\"><\/span>\r\n\t\t\t\t\t<h3><\/h3>\r\n\t\t\t\t\t<img decoding=\"async\" src=\"https:\/\/www.globaltechitalia.com\/wp-content\/uploads\/2022\/05\/android.png\" alt=\"\">\r\n\t\t\t\t<\/div>\r\n\t\t\t<\/div>\r\n\t    <\/div>\r\n\r\n\t    \t\t<\/div>\n\t\t\t\t<\/div>\n\t\t\t\t<div class=\"elementor-element elementor-element-0492bb1 elementor-widget elementor-widget-isupport_box\" data-id=\"0492bb1\" data-element_type=\"widget\" data-widget_type=\"isupport_box.default\">\n\t\t\t\t<div class=\"elementor-widget-container\">\n\t\t\t\r\n\t\t<div class=\"support-box\">\r\n\t\t\t<div class=\"inner-box\">\r\n\t\t\t\t<div class=\"overlay flex-middle\">\r\n\t\t\t\t\t<span class=\"number-box\"><\/span>\r\n\t\t\t\t\t<div class=\"inner\">\r\n\t\t\t\t\t\t<p>We have built native and cross-platform apps using this open source \nSDK. From Proof of Concepts to enterprise-grade apps, we offer Flutter development services for applications with Cupertino (iOS) and Material Design (Android).<\/p>\r\n\t\t\t\t\t\t<a class=\"btn-details\"><\/a>\r\n\t\t\t\t\t<\/div>\r\n\t\t\t\t<\/div>\r\n\t\t\t\t<div class=\"content-box\">\r\n\t\t\t\t\t<span class=\"number-box\"><\/span>\r\n\t\t\t\t\t<h3><\/h3>\r\n\t\t\t\t\t<img decoding=\"async\" src=\"https:\/\/www.globaltechitalia.com\/wp-content\/uploads\/2022\/05\/flutter.png\" alt=\"\">\r\n\t\t\t\t<\/div>\r\n\t\t\t<\/div>\r\n\t    <\/div>\r\n\r\n\t    \t\t<\/div>\n\t\t\t\t<\/div>\n\t\t\t\t\t<\/div>\n\t\t<\/div>\n\t\t\t\t\t\t\t<\/div>\n\t\t<\/section>\n\t\t\t\t<section class=\"elementor-section elementor-top-section elementor-element elementor-element-0d7516b ot-traditional elementor-section-boxed elementor-section-height-default elementor-section-height-default\" data-id=\"0d7516b\" data-element_type=\"section\">\n\t\t\t\t\t\t<div class=\"elementor-container elementor-column-gap-default\">\n\t\t\t\t\t<div class=\"elementor-column elementor-col-100 elementor-top-column elementor-element elementor-element-00ecf4d ot-flex-column-vertical\" data-id=\"00ecf4d\" data-element_type=\"column\">\n\t\t\t<div class=\"elementor-widget-wrap elementor-element-populated\">\n\t\t\t\t\t\t\t\t<div class=\"elementor-element elementor-element-1cfbbed elementor-widget elementor-widget-spacer\" data-id=\"1cfbbed\" data-element_type=\"widget\" data-widget_type=\"spacer.default\">\n\t\t\t\t<div class=\"elementor-widget-container\">\n\t\t\t\t\t<div class=\"elementor-spacer\">\n\t\t\t<div class=\"elementor-spacer-inner\"><\/div>\n\t\t<\/div>\n\t\t\t\t<\/div>\n\t\t\t\t<\/div>\n\t\t\t\t\t<\/div>\n\t\t<\/div>\n\t\t\t\t\t\t\t<\/div>\n\t\t<\/section>\n\t\t\t\t<section class=\"elementor-section elementor-top-section elementor-element elementor-element-bfa3d2a ot-traditional elementor-section-boxed elementor-section-height-default elementor-section-height-default\" data-id=\"bfa3d2a\" data-element_type=\"section\">\n\t\t\t\t\t\t<div class=\"elementor-container elementor-column-gap-default\">\n\t\t\t\t\t<div class=\"elementor-column elementor-col-100 elementor-top-column elementor-element elementor-element-2de142f ot-flex-column-vertical\" data-id=\"2de142f\" data-element_type=\"column\">\n\t\t\t<div class=\"elementor-widget-wrap elementor-element-populated\">\n\t\t\t\t\t\t\t\t<div class=\"elementor-element elementor-element-3ce0655 elementor-widget elementor-widget-spacer\" data-id=\"3ce0655\" data-element_type=\"widget\" data-widget_type=\"spacer.default\">\n\t\t\t\t<div class=\"elementor-widget-container\">\n\t\t\t\t\t<div class=\"elementor-spacer\">\n\t\t\t<div class=\"elementor-spacer-inner\"><\/div>\n\t\t<\/div>\n\t\t\t\t<\/div>\n\t\t\t\t<\/div>\n\t\t\t\t\t<\/div>\n\t\t<\/div>\n\t\t\t\t\t\t\t<\/div>\n\t\t<\/section>\n\t\t\t\t\t\t\t<\/div>\n\t\t","protected":false},"excerpt":{"rendered":"<p>Forniamo servizi chiavi in mano nel campo delle tecnologie mobile. Il nostro team ha partecipato al porting ed alla realizzazione di decine di app su differenti devices ed \u00e8 in grado di assistere i Clienti nell&#8217;intero ciclo di vita: Progettazione Progettare e realizzare una app o fare un porting fra piattaforme mobili richiede esperienza, organizzazione [&hellip;]<\/p>\n","protected":false},"author":5,"featured_media":0,"parent":0,"menu_order":0,"comment_status":"closed","ping_status":"closed","template":"","meta":{"footnotes":""},"_links":{"self":[{"href":"https:\/\/www.globaltechitalia.com\/index.php?rest_route=\/wp\/v2\/pages\/7116"}],"collection":[{"href":"https:\/\/www.globaltechitalia.com\/index.php?rest_route=\/wp\/v2\/pages"}],"about":[{"href":"https:\/\/www.globaltechitalia.com\/index.php?rest_route=\/wp\/v2\/types\/page"}],"author":[{"embeddable":true,"href":"https:\/\/www.globaltechitalia.com\/index.php?rest_route=\/wp\/v2\/users\/5"}],"replies":[{"embeddable":true,"href":"https:\/\/www.globaltechitalia.com\/index.php?rest_route=%2Fwp%2Fv2%2Fcomments&post=7116"}],"version-history":[{"count":4,"href":"https:\/\/www.globaltechitalia.com\/index.php?rest_route=\/wp\/v2\/pages\/7116\/revisions"}],"predecessor-version":[{"id":7120,"href":"https:\/\/www.globaltechitalia.com\/index.php?rest_route=\/wp\/v2\/pages\/7116\/revisions\/7120"}],"wp:attachment":[{"href":"https:\/\/www.globaltechitalia.com\/index.php?rest_route=%2Fwp%2Fv2%2Fmedia&parent=7116"}],"curies":[{"name":"wp","href":"https:\/\/api.w.org\/{rel}","templated":true}]}}